 = 0. What is the highest common divisor of t and b?
16
Let k = 92 - 83. Suppose 7*j + 10 = k*j. Calculate the greatest common factor of 125 and j.
5
Suppose 2*a = -8, 0 = -5*l + 11*a - 8*a + 642. Calculate the greatest common divisor of l and 28.
14
Let t be (152/(-190))/((-2)/100). What is the highest common divisor of t and 180?
20
Let t(r) = 8*r - 72. Let p be (-74)/(-6) + (-6)/54*3. Let l be t(p). What is the highest common factor of 60 and l?
12
Let q = 18 + -17. Suppose 3*p = 3*h + q + 5, p - 3*h - 12 = 0. Let x be 3 - p*1/(-3). Calculate the highest common factor of x and 6.
2
Let g = 192 - 124. What is the greatest common divisor of g and 85?
17
Suppose 4*a = -0*a + 256. Suppose 7*j + j = a. What is the highest common divisor of j and 88?
8
Suppose 2*m + 2*z - 74 = 0, 53*m - 5*z - 31 = 52*m. Calculate the greatest common divisor of 27 and m.
9
Let d = 147 - -13. Let h = d - 109. What is the greatest common factor of h and 17?
17
Suppose -5*l - 5*i + 16 = -3*l, 5*i = 3*l + 1. Calculate the highest common divisor of l and 3.
3
Let q(o) = o**3 + 23*o**2 + 13 + o - 7*o**2 + 2*o - o. Let g be q(-16). Let c = g - -30. Calculate the greatest common factor of 55 and c.
11
Suppose 246 = u - 3*f, -3*u + f + 929 = u. What is the highest common divisor of 33 and u?
33
Let f = 16 - 14. Let u(r) = 13*r**2 + r - 2. Let i be u(f). Suppose 6*s = 12 + 66. What is the highest common divisor of i and s?
13
Let s(j) = j**2 - 2*j + 2. Let o be s(2). Suppose -5*p = -3*y - 1474, 12*y - 600 = -o*p + 8*y. Calculate the greatest common divisor of 37 and p.
37
Suppose 0 = -2*x + 10, 19 = r + r + 3*x. Let s(v) = -6*v**2 - v**3 + 2 - 6*v - 2 + 12 - 2*v**r. Let k be s(-7). What is the greatest common factor of k and 25?
5
Let t = 8 + -5. Let q(b) = 0 - b - 4 + 2 + 6*b. Let a be q(1). Calculate the highest common divisor of a and t.
3
Let h(i) = -i**3 - 2*i**2 - 3*i - 2. Let a be h(-2). Suppose 3*j + a*d - 128 = -j, -4*d - 160 = -4*j. Calculate the highest common divisor of j and 54.
18
Suppose 0*s + 5*s = 30. Let u be 3 - ((-16)/24 - 152/s). What is the highest common divisor of 58 and u?
29
Suppose -7*q - w - 47 = -8*q, -5*q + 240 = -4*w. Calculate the greatest common divisor of 78 and q.
26
Let i = -356 - -860. Suppose 4*w = -0*w + i. Suppose 4*g - 73 = -1. Calculate the greatest common factor of g and w.
18
Suppose -4*s + 12 = 8. Let f be s/(5*(-4)/(-380)). What is the greatest common factor of 209 and f?
19
Let h = 1534 + -1336. What is the greatest common factor of h and 450?
18
Let i be 1/(-7) - (-43)/7. Suppose 4*u + 0*u = 8. Let f be (-21*u)/(-1 - 0). Calculate the greatest common divisor of f and i.
6
Let y(c) = 2*c**3 - 46*c**2 - c + 29. Let b be y(23). Calculate the highest common factor of b and 96.
6
Let c(z) = -6*z + 44. Let r be c(8). Let a be -3 - (r - (-32)/3)*-6. Calculate the greatest common divisor of a and 185.
37
Let i = 101 - 70. Suppose i = 5*x - 14. What is the highest common divisor of x and 9?
9
Suppose w - 117 = -w - f, 5*w = -4*f + 300. Let z = 39 + -36. Suppose t = z*t - l - 19, 3*l = -2*t + 7. What is the highest common factor of w and t?
8
Let d(h) = h**3 + h**2 - 10*h - 2. Let i be d(5). Let z(x) = x**2 + 4*x - 7. Let j be z(-7). Calculate the greatest common divisor of i and j.
14
Suppose 6*u - 780 = -9*u. What is the greatest common factor of 143 and u?
13
Let z be (24/14)/((-2)/(-14)). Let v(x) = -x**3 + 32*x**2 - 57*x + 42. Let h be v(30). Calculate the greatest common factor of h and z.
12
Let i = -123 + 123. Let h be (8 - i) + (40 - 38). Calculate the highest common factor of 30 and h.
10
Let y(h) = -2*h - 12. Let r be y(-10). Let i(p) = 3*p + 7. Let g be i(r). Calculate the greatest common divisor of g and 279.
31
Suppose 13*p - 14*p + 8 = -3*u, p = -2*u + 3. Let j be 12/(-8) + p/((-30)/(-153)). Let l(c) = c. Let v be l(6). What is the highest common divisor of v and j?
6
Let m be 12274/51 - 2/(-6). Suppose -3*b - 2*a + m = 0, -4*b - 3*a = a - 328. Calculate the greatest common divisor of 11 and b.
11
Suppose 4*y - 1114 = -394. Let z = -1352 - -1372. Calculate the greatest common factor of y and z.
20
Suppose 5*f = 5*o + 150, 219*f + 4*o - 76 = 216*f. Let j be (-63)/(-6)*(-16)/(-2). What is the highest common divisor of j and f?
28
Let v be (-22)/(-6) + (-4)/6. Let t be -1 + (8 - (v + -6)). Let c = 12 - t. Calculate the highest common factor of c and 22.
2
Suppose -4*n = n - 225. Suppose -19 = -2*a + n. Suppose v + 2*f - 4*f = 8, 2*v - a = -4*f. What is the greatest common factor of 12 and v?
12
Suppose -3536 = -162*u + 149*u. Calculate the greatest common divisor of u and 96.
16
Suppose 3*n + 0*n = 12. Suppose 4*p + 15 = i, -n*i + 60 = -p - 3*p. Let c = 85 - -80. What is the greatest common factor of i and c?
15
Let o be 2/10*-2*-70. Suppose -3*i - 57 = -5*l, -5*i + 0*l - 135 = 5*l. Let g = i - -31. What is the highest common factor of o and g?
7
Suppose 0 = 2*y + 5*b - 76, -b + 64 - 212 = -3*y. Calculate the highest common factor of 112 and y.
16
Suppose 249 - 969 = 4*n. Let x be ((-63)/(-42) + (-1 - 1))*n. Calculate the highest common divisor of 60 and x.
30
Let y = 29 + -27. Suppose y*z + 4*o - 1038 = -3*z, -4*z = -3*o - 849. Suppose -4*a + z = 2*a. Calculate the highest common factor of a and 5.
5
Let x = -293 - -343. What is the greatest common divisor of x and 1175?
25
Suppose 0 = -p + 4*p - 30. Let k = 20 + -15. What is the greatest common divisor of p and k?
5
Suppose -768 = -48*w + 45*w. What is the greatest common factor of 6 and w?
2
Let g(x) = 6*x + 1 + 3 - 4 + 7*x**2 - x**3. Let l be g(6). Suppose -2*f - f + l = 0. Calculate the greatest common divisor of 6 and f.
6
Suppose 0 = 2*s + 4*s + 108. Let b = 36 + s. Calculate the greatest common factor of 27 and b.
9
Let p(w) = -4*w + 101. Let l be p(20). Calculate the highest common factor of l and 651.
21
Let i(t) = 134*t**2 - 6*t + 9. Let p(q) = -67*q**2 + 3*q - 5. Let u(d) = 3*i(d) + 5*p(d). Let x be u(1). Calculate the greatest common factor of 44 and x.
22
Let l be (-2 + -1)/((-6)/304). Let d = 23 - 21. Suppose -i - 2*q = 3*q - 34, 0 = -d*q + 6. Calculate the greatest common factor of i and l.
19
Suppose 3*j - 6 = 33. Let s = 55 + j. Let l be 4/6 - s/(-6). What is the highest common divisor of l and 24?
12
Let c(f) = -f**2 - 18*f + 57. Let u be c(-19). What is the greatest common factor of u and 8?
2
Let k(z) = -2*z + 5. Let y be k(0). Suppose s + 3 = -y*t, 0 = -t + 3*t + 5*s - 8. Let x be 1*t*(-57 - -1). What is the highest common divisor of x and 8?
8
Suppose -3*n = -6 - 9. Suppose 5*t - 55 = -n. Calculate the greatest common factor of 80 and t.
10
Let v be (-2)/(1 + 8740/(-8732)) - -1. Let p be v/21*(-7)/(-4). Calculate the highest common factor of 14 and p.
14
Suppose 24 = -260*o + 264*o. Let z be 14/(-3)*(o - 9). What is the greatest common divisor of 154 and z?
14
Suppose -1989 = -4*s - r + 923, -20 = -5*r. Suppose s = 3*t + 178. Let y = -106 + t. What is the highest common factor of y and 11?
11
Suppose 0 = -3*p - 5*v + 1448, p = 2*v + 3*v + 496. What is the greatest common divisor of p and 6?
6
Let z be 4/12 - (-6)/9. Suppose -54 = -3*s + 2*m, -s - 5*m + z = -0. Let y be (21/(-28))/((-2)/s). Calculate the highest common divisor of 6 and y.
6
Let u be (-1 - (-77)/35)*(-15)/(-2). Let m = 178 + u. Calculate the highest common factor of m and 17.
17
Suppose -63*m + 1254 = 120. Calculate the highest common divisor of 1107 and m.
9
Suppose -143*z = -147*z + 192. Calculate the greatest common divisor of 240 and z.
48
Let y(h) = -5*h - 1. Let o be -2*(0 + (-2 - -5)). Let s be y(o). What is the greatest common divisor of 232 and s?
29
Let k = 131 + -117. Calculate the greatest common divisor of k and 77.
7
Let u(n) = 13*n**2 + 19*n + 20. Let a be u(-6). What is the highest common divisor of 34 and a?
34
Let z = -153 - -309. Calculate the highest common factor of 169 and z.
13
Let u(x) = 2*x + 1. Let g be u(3). Suppose -g*z = -2*z + 20. Let a be ((-1)/(-2))/(z/(-176)). Calculate the greatest common divisor of 198 and a.
22
Let d be (10/(-25))/((-2)/130). Let c = -2200 + 2239. Calculate the greatest common factor of c and d.
13
Let w = -89 - -109. What is the greatest common factor of w and 10?
10
Let i be (-2)/4*-13*22. Calculate the highest common divisor of